{"id":971,"date":"2025-06-24T17:01:36","date_gmt":"2025-06-24T15:01:36","guid":{"rendered":"https:\/\/www.henrichs-restaurant.de\/?page_id=971"},"modified":"2025-06-24T17:11:39","modified_gmt":"2025-06-24T15:11:39","slug":"the-greatest-show-winter-magic","status":"publish","type":"page","link":"https:\/\/www.henrichs-restaurant.de\/?page_id=971","title":{"rendered":"The Greatest Show: Winter Magic"},"content":{"rendered":"\t\t<div data-elementor-type=\"wp-page\" data-elementor-id=\"971\" class=\"elementor elementor-971\">\n\t\t\t\t<div class=\"elementor-element elementor-element-6d77b9d e-flex e-con-boxed e-con e-parent\" data-id=\"6d77b9d\" data-element_type=\"container\" data-e-type=\"container\" data-settings=\"{&quot;background_background&quot;:&quot;classic&quot;}\">\n\t\t\t\t\t<div class=\"e-con-inner\">\n\t\t\t\t<div class=\"elementor-element elementor-element-afd2605 elementor-widget elementor-widget-heading\" data-id=\"afd2605\" data-element_type=\"widget\" data-e-type=\"widget\" data-widget_type=\"heading.default\">\n\t\t\t\t<div class=\"elementor-widget-container\">\n\t\t\t\t\t<h2 class=\"elementor-heading-title elementor-size-default\">The Greatest Show: Winter Magic<\/h2>\t\t\t\t<\/div>\n\t\t\t\t<\/div>\n\t\t\t\t\t<\/div>\n\t\t\t\t<\/div>\n\t\t<div class=\"elementor-element elementor-element-8533d64 e-flex e-con-boxed e-con e-parent\" data-id=\"8533d64\" data-element_type=\"container\" data-e-type=\"container\">\n\t\t\t\t\t<div class=\"e-con-inner\">\n\t\t<div class=\"elementor-element elementor-element-0db15d1 e-con-full e-flex e-con e-child\" data-id=\"0db15d1\" data-element_type=\"container\" data-e-type=\"container\">\n\t\t<div class=\"elementor-element elementor-element-503f32b e-con-full e-flex e-con e-child\" data-id=\"503f32b\" data-element_type=\"container\" data-e-type=\"container\">\n\t\t\t\t<div class=\"elementor-element elementor-element-b31899d elementor-widget elementor-widget-heading\" data-id=\"b31899d\" data-element_type=\"widget\" data-e-type=\"widget\" data-widget_type=\"heading.default\">\n\t\t\t\t<div class=\"elementor-widget-container\">\n\t\t\t\t\t<h2 class=\"elementor-heading-title elementor-size-default\">Samstag, den 29.11.2025<\/h2>\t\t\t\t<\/div>\n\t\t\t\t<\/div>\n\t\t\t\t<div class=\"elementor-element elementor-element-06b12c5 elementor-widget elementor-widget-text-editor\" data-id=\"06b12c5\" data-element_type=\"widget\" data-e-type=\"widget\" data-widget_type=\"text-editor.default\">\n\t\t\t\t<div class=\"elementor-widget-container\">\n\t\t\t\t\t\t\t\t\t<p>Einlass: 17.30 Uhr<br \/>Beginn: 20.00 Uhr<\/p><p>Ort:<br \/>HENRICHS Restaurant<br \/>Werksstra\u00dfe. 31-33<br \/>45527 Hattingen<\/p><p><strong>Am 29. November 2025 hebt sich der Vorhang f\u00fcr ein Spektakel der Extraklasse!<\/strong>\u00a0Das HOUSE OF DIVINE ist erstmals mit ihrer winterlichen Show im\u00a0Ruhrgebiet und bringt eine Nacht voller Glanz, Glamour und purer Magie. Tauchen Sie ein in die funkelnde Winterwelt von \u201eThe Greatest Show: Winter Magic\u201c \u2013 eine einzigartige Inszenierung, die die Grenzen zwischen Fantasie und Realit\u00e4t verschwimmen l\u00e4sst.<\/p><p>Freuen Sie sich auf eine atemberaubende Mischung aus opulenten Kost\u00fcmen, faszinierenden Burlesque-Performances, meisterhaftem Live-Gesang und magischen Momenten, die Sie in Staunen versetzen. Auf der B\u00fchne entfalten sich spektakul\u00e4re Darbietungen talentierter K\u00fcnstler:innen \u2013 von aufregenden Newcomern bis hin zu gefeierten Drag-Ikonen. Lassen Sie sich verzaubern von einer Show, die Eleganz, Leidenschaft und die Sch\u00f6nheit des Winters auf einzigartige Weise vereint.<\/p><p>Erleben Sie dieses au\u00dfergew\u00f6hnliche Event in der stilvollen Kulisse der Eventlocation Henrichs in Hattingen.<\/p><p>Genie\u00dfen Sie den Abend in vollen Z\u00fcgen: Das Henrichs Restaurant verw\u00f6hnt Sie vor der Show ab 18:00 Uhr mit kulinarischen K\u00f6stlichkeiten aus der \u201e\u00e0 la Show-Carte\u201c. Bitte reservieren Sie hierf\u00fcr vorab einen Tisch.<\/p>\t\t\t\t\t\t\t\t<\/div>\n\t\t\t\t<\/div>\n\t\t\t\t<div class=\"elementor-element elementor-element-41026bb elementor-align-center elementor-widget elementor-widget-button\" data-id=\"41026bb\" data-element_type=\"widget\" data-e-type=\"widget\" data-widget_type=\"button.default\">\n\t\t\t\t<div class=\"elementor-widget-container\">\n\t\t\t\t\t\t\t\t\t<div class=\"elementor-button-wrapper\">\n\t\t\t\t\t<a class=\"elementor-button elementor-button-link elementor-size-sm\" href=\"https:\/\/eventfrog.de\/de\/p\/musicals-shows\/variete\/house-of-divine-praesentiert-the-greatest-show-winter-magic-7304912548750484240.html\">\n\t\t\t\t\t\t<span class=\"elementor-button-content-wrapper\">\n\t\t\t\t\t\t\t\t\t<span class=\"elementor-button-text\">Zu den Tickets<\/span>\n\t\t\t\t\t<\/span>\n\t\t\t\t\t<\/a>\n\t\t\t\t<\/div>\n\t\t\t\t\t\t\t\t<\/div>\n\t\t\t\t<\/div>\n\t\t\t\t<\/div>\n\t\t<div class=\"elementor-element elementor-element-1d148ab e-con-full e-flex e-con e-child\" data-id=\"1d148ab\" data-element_type=\"container\" data-e-type=\"container\">\n\t\t\t\t<div class=\"elementor-element elementor-element-dcdd6b0 elementor-widget elementor-widget-image\" data-id=\"dcdd6b0\" data-element_type=\"widget\" data-e-type=\"widget\" data-widget_type=\"image.default\">\n\t\t\t\t<div class=\"elementor-widget-container\">\n\t\t\t\t\t\t\t\t\t\t\t\t\t\t\t<img fetchpriority=\"high\" decoding=\"async\" width=\"724\" height=\"1024\" src=\"https:\/\/www.henrichs-restaurant.de\/wp-content\/uploads\/2025\/06\/Weihnachtsshow_Hattingen_Plakat-A3_min-724x1024.png\" class=\"attachment-large size-large wp-image-969\" alt=\"\" srcset=\"https:\/\/www.henrichs-restaurant.de\/wp-content\/uploads\/2025\/06\/Weihnachtsshow_Hattingen_Plakat-A3_min-724x1024.png 724w, https:\/\/www.henrichs-restaurant.de\/wp-content\/uploads\/2025\/06\/Weihnachtsshow_Hattingen_Plakat-A3_min-212x300.png 212w, https:\/\/www.henrichs-restaurant.de\/wp-content\/uploads\/2025\/06\/Weihnachtsshow_Hattingen_Plakat-A3_min-768x1086.png 768w, https:\/\/www.henrichs-restaurant.de\/wp-content\/uploads\/2025\/06\/Weihnachtsshow_Hattingen_Plakat-A3_min-1086x1536.png 1086w, https:\/\/www.henrichs-restaurant.de\/wp-content\/uploads\/2025\/06\/Weihnachtsshow_Hattingen_Plakat-A3_min-1448x2048.png 1448w, https:\/\/www.henrichs-restaurant.de\/wp-content\/uploads\/2025\/06\/Weihnachtsshow_Hattingen_Plakat-A3_min.png 1587w\" sizes=\"(max-width: 724px) 100vw, 724px\" \/>\t\t\t\t\t\t\t\t\t\t\t\t\t\t\t<\/div>\n\t\t\t\t<\/div>\n\t\t\t\t<\/div>\n\t\t\t\t<\/div>\n\t\t\t\t\t<\/div>\n\t\t\t\t<\/div>\n\t\t\t\t<\/div>\n\t\t","protected":false},"excerpt":{"rendered":"<p>The Greatest Show: Winter Magic Samstag, den 29.11.2025 Einlass: 17.30 UhrBeginn: 20.00 Uhr Ort:HENRICHS RestaurantWerksstra\u00dfe. 31-3345527 Hattingen Am 29. November 2025 hebt sich der Vorhang f\u00fcr ein Spektakel der Extraklasse!\u00a0Das HOUSE OF DIVINE ist erstmals mit ihrer winterlichen Show im\u00a0Ruhrgebiet und bringt eine Nacht voller Glanz, Glamour und purer Magie. Tauchen Sie ein in die [&hellip;]<\/p>\n","protected":false},"author":1,"featured_media":0,"parent":0,"menu_order":0,"comment_status":"closed","ping_status":"closed","template":"elementor_header_footer","meta":{"footnotes":""},"class_list":["post-971","page","type-page","status-publish","hentry","entry"],"_links":{"self":[{"href":"https:\/\/www.henrichs-restaurant.de\/index.php?rest_route=\/wp\/v2\/pages\/971","targetHints":{"allow":["GET"]}}],"collection":[{"href":"https:\/\/www.henrichs-restaurant.de\/index.php?rest_route=\/wp\/v2\/pages"}],"about":[{"href":"https:\/\/www.henrichs-restaurant.de\/index.php?rest_route=\/wp\/v2\/types\/page"}],"author":[{"embeddable":true,"href":"https:\/\/www.henrichs-restaurant.de\/index.php?rest_route=\/wp\/v2\/users\/1"}],"replies":[{"embeddable":true,"href":"https:\/\/www.henrichs-restaurant.de\/index.php?rest_route=%2Fwp%2Fv2%2Fcomments&post=971"}],"version-history":[{"count":7,"href":"https:\/\/www.henrichs-restaurant.de\/index.php?rest_route=\/wp\/v2\/pages\/971\/revisions"}],"predecessor-version":[{"id":980,"href":"https:\/\/www.henrichs-restaurant.de\/index.php?rest_route=\/wp\/v2\/pages\/971\/revisions\/980"}],"wp:attachment":[{"href":"https:\/\/www.henrichs-restaurant.de\/index.php?rest_route=%2Fwp%2Fv2%2Fmedia&parent=971"}],"curies":[{"name":"wp","href":"https:\/\/api.w.org\/{rel}","templated":true}]}}