{"id":574,"date":"2024-10-02T17:10:20","date_gmt":"2024-10-02T15:10:20","guid":{"rendered":"https:\/\/www.henrichs-restaurant.de\/?page_id=574"},"modified":"2025-09-03T15:11:56","modified_gmt":"2025-09-03T13:11:56","slug":"padi-orchestra","status":"publish","type":"page","link":"https:\/\/www.henrichs-restaurant.de\/?page_id=574","title":{"rendered":"Padi Orchestra"},"content":{"rendered":"\t\t<div data-elementor-type=\"wp-page\" data-elementor-id=\"574\" class=\"elementor elementor-574\">\n\t\t\t\t<div class=\"elementor-element elementor-element-2e05359 e-flex e-con-boxed e-con e-parent\" data-id=\"2e05359\" data-element_type=\"container\" data-e-type=\"container\" data-settings=\"{&quot;background_background&quot;:&quot;classic&quot;}\">\n\t\t\t\t\t<div class=\"e-con-inner\">\n\t\t\t\t<div class=\"elementor-element elementor-element-46808c6 elementor-widget elementor-widget-heading\" data-id=\"46808c6\" data-element_type=\"widget\" data-e-type=\"widget\" data-widget_type=\"heading.default\">\n\t\t\t\t<div class=\"elementor-widget-container\">\n\t\t\t\t\t<h2 class=\"elementor-heading-title elementor-size-default\">Padi Orchestra<\/h2>\t\t\t\t<\/div>\n\t\t\t\t<\/div>\n\t\t\t\t\t<\/div>\n\t\t\t\t<\/div>\n\t\t<div class=\"elementor-element elementor-element-1f6142e e-flex e-con-boxed e-con e-parent\" data-id=\"1f6142e\" data-element_type=\"container\" data-e-type=\"container\">\n\t\t\t\t\t<div class=\"e-con-inner\">\n\t\t<div class=\"elementor-element elementor-element-ce7681a e-con-full e-flex e-con e-child\" data-id=\"ce7681a\" data-element_type=\"container\" data-e-type=\"container\">\n\t\t\t\t<div class=\"elementor-element elementor-element-bcbf999 elementor-widget elementor-widget-heading\" data-id=\"bcbf999\" data-element_type=\"widget\" data-e-type=\"widget\" data-widget_type=\"heading.default\">\n\t\t\t\t<div class=\"elementor-widget-container\">\n\t\t\t\t\t<h2 class=\"elementor-heading-title elementor-size-default\">20.12.2025<\/h2>\t\t\t\t<\/div>\n\t\t\t\t<\/div>\n\t\t\t\t<div class=\"elementor-element elementor-element-d25791d elementor-widget elementor-widget-text-editor\" data-id=\"d25791d\" data-element_type=\"widget\" data-e-type=\"widget\" data-widget_type=\"text-editor.default\">\n\t\t\t\t<div class=\"elementor-widget-container\">\n\t\t\t\t\t\t\t\t\t<p><strong>Das PADI Orchestra macht \u00bbGlobal Music\u00ab<\/strong><br \/>Ein perfekter Konzertabend f\u00fcr weltoffene Musikfans. Das PADI Orchestra bietet genau das in Bestform. Sieben gro\u00dfartige Musiker:innen aus drei L\u00e4ndern pr\u00e4sentieren eine Melange aus westafrikanischen, afrokubanischen, brasilianischen, karibischen- und Reggae Grooves und Musik mit Jazz Interpretationen.<\/p><p>Ein eindrucksvolles Erlebnis: mitrei\u00dfend, bewegend, in die Beine gehend und mitten ins <br \/>Herz. Kurz: Musik die gl\u00fccklich macht. Die internationalen Grooves bilden die Grundlage f\u00fcr die Songs. Es gibt Bekanntes, aber vor allem eigene Kompositionen aus der Feder von Bandgr\u00fcnder und Drummer Uwe Kellerhoff und S\u00e4ngerin Milli H\u00e4user. Es gibt fulminante, trickreiche Percussion-Arrangements im Wechsel mit eing\u00e4ngigen, tanzbaren Songs und virtuosen Soli. Es bildet eine Kooperation mit bekannten Musiker*innen aus Jazz, Pop und Weltmusik. Das Ensemble zelebriert diverse, musikalische und menschliche Begegnungen:<\/p><p>Es spielen: Milli H\u00e4user, voc, comp &amp; more | Uwe Kellerhoff, dr, comp &amp; more<br \/>Clive Fenton, Sousaphone &amp; Fl\u00fcgelhorn | Martin Buschmann, Steelpan &amp; Saxophon<br \/>Birgit Froese, surdos, timales &amp; perc | Caetano Ruin, congas, key | Matthias Dymke, p <br \/>Geschichte: Initiiert und gegr\u00fcndet wurde das Padi Orchestra von Preistr\u00e4ger, Schlagzeuger, Perkussionist und Komponist Uwe Kellerhoff. Entstanden ist das Ensemble mit gefl\u00fcchteten Musiker:innen aus neun verschiedenen L\u00e4ndern. Dann kamen schnell weitere einheimische Musiker:innen dazu. Das Ensemble spielte in bis zu 24 k\u00f6pfiger Besetzung bei vielen Events u.a. Ruhr International, Beethoven-Tage Bonn, Ruhrfestspiele Recklinghausen u.v.m. Durch den Einschnitt mit Corona, zerfiel das gro\u00dfe Ensemble und bildet nun ein neues mit sieben professionelle Musiker:innen. Ggf. ab und an mit Gastmusiker:innen aus aller Welt.<\/p><p><strong>WICHTIG:<\/strong> Einen <strong>Vorverkauf<\/strong> bieten wir \u00fcber das <strong>HENRICHS Restaurant<\/strong> an. Hier k\u00f6nnen Sie, ab dem 15.10.2024, t\u00e4glich (au\u00dfer montags) zwischen 12 Uhr und 18 Uhr Karten erwerben.<\/p>\t\t\t\t\t\t\t\t<\/div>\n\t\t\t\t<\/div>\n\t\t\t\t<div class=\"elementor-element elementor-element-06566b8 elementor-align-center elementor-widget elementor-widget-button\" data-id=\"06566b8\" data-element_type=\"widget\" data-e-type=\"widget\" data-widget_type=\"button.default\">\n\t\t\t\t<div class=\"elementor-widget-container\">\n\t\t\t\t\t\t\t\t\t<div class=\"elementor-button-wrapper\">\n\t\t\t\t\t<a class=\"elementor-button elementor-button-link elementor-size-sm\" href=\"https:\/\/www.eventim-light.com\/de\/a\/62a745ac7ea97a7778886492\">\n\t\t\t\t\t\t<span class=\"elementor-button-content-wrapper\">\n\t\t\t\t\t\t\t\t\t<span class=\"elementor-button-text\">Tickets<\/span>\n\t\t\t\t\t<\/span>\n\t\t\t\t\t<\/a>\n\t\t\t\t<\/div>\n\t\t\t\t\t\t\t\t<\/div>\n\t\t\t\t<\/div>\n\t\t\t\t<\/div>\n\t\t<div class=\"elementor-element elementor-element-2362f5e e-con-full e-flex e-con e-child\" data-id=\"2362f5e\" data-element_type=\"container\" data-e-type=\"container\">\n\t\t\t\t<div class=\"elementor-element elementor-element-6df650e elementor-widget elementor-widget-image\" data-id=\"6df650e\" data-element_type=\"widget\" data-e-type=\"widget\" data-widget_type=\"image.default\">\n\t\t\t\t<div class=\"elementor-widget-container\">\n\t\t\t\t\t\t\t\t\t\t\t\t\t\t\t<img fetchpriority=\"high\" decoding=\"async\" width=\"1024\" height=\"707\" src=\"https:\/\/www.henrichs-restaurant.de\/wp-content\/uploads\/2024\/10\/PADI-Orchestra-3-1024x707.jpg\" class=\"attachment-large size-large wp-image-554\" alt=\"\" srcset=\"https:\/\/www.henrichs-restaurant.de\/wp-content\/uploads\/2024\/10\/PADI-Orchestra-3-1024x707.jpg 1024w, https:\/\/www.henrichs-restaurant.de\/wp-content\/uploads\/2024\/10\/PADI-Orchestra-3-300x207.jpg 300w, https:\/\/www.henrichs-restaurant.de\/wp-content\/uploads\/2024\/10\/PADI-Orchestra-3-768x530.jpg 768w, https:\/\/www.henrichs-restaurant.de\/wp-content\/uploads\/2024\/10\/PADI-Orchestra-3-1536x1060.jpg 1536w, https:\/\/www.henrichs-restaurant.de\/wp-content\/uploads\/2024\/10\/PADI-Orchestra-3-2048x1413.jpg 2048w\" sizes=\"(max-width: 1024px) 100vw, 1024px\" \/>\t\t\t\t\t\t\t\t\t\t\t\t\t\t\t<\/div>\n\t\t\t\t<\/div>\n\t\t\t\t<\/div>\n\t\t\t\t\t<\/div>\n\t\t\t\t<\/div>\n\t\t\t\t<\/div>\n\t\t","protected":false},"excerpt":{"rendered":"<p>Padi Orchestra 20.12.2025 Das PADI Orchestra macht \u00bbGlobal Music\u00abEin perfekter Konzertabend f\u00fcr weltoffene Musikfans. Das PADI Orchestra bietet genau das in Bestform. Sieben gro\u00dfartige Musiker:innen aus drei L\u00e4ndern pr\u00e4sentieren eine Melange aus westafrikanischen, afrokubanischen, brasilianischen, karibischen- und Reggae Grooves und Musik mit Jazz Interpretationen. Ein eindrucksvolles Erlebnis: mitrei\u00dfend, bewegend, in die Beine gehend und mitten [&hellip;]<\/p>\n","protected":false},"author":1,"featured_media":0,"parent":0,"menu_order":0,"comment_status":"closed","ping_status":"closed","template":"elementor_header_footer","meta":{"footnotes":""},"class_list":["post-574","page","type-page","status-publish","hentry","entry"],"_links":{"self":[{"href":"https:\/\/www.henrichs-restaurant.de\/index.php?rest_route=\/wp\/v2\/pages\/574","targetHints":{"allow":["GET"]}}],"collection":[{"href":"https:\/\/www.henrichs-restaurant.de\/index.php?rest_route=\/wp\/v2\/pages"}],"about":[{"href":"https:\/\/www.henrichs-restaurant.de\/index.php?rest_route=\/wp\/v2\/types\/page"}],"author":[{"embeddable":true,"href":"https:\/\/www.henrichs-restaurant.de\/index.php?rest_route=\/wp\/v2\/users\/1"}],"replies":[{"embeddable":true,"href":"https:\/\/www.henrichs-restaurant.de\/index.php?rest_route=%2Fwp%2Fv2%2Fcomments&post=574"}],"version-history":[{"count":13,"href":"https:\/\/www.henrichs-restaurant.de\/index.php?rest_route=\/wp\/v2\/pages\/574\/revisions"}],"predecessor-version":[{"id":1079,"href":"https:\/\/www.henrichs-restaurant.de\/index.php?rest_route=\/wp\/v2\/pages\/574\/revisions\/1079"}],"wp:attachment":[{"href":"https:\/\/www.henrichs-restaurant.de\/index.php?rest_route=%2Fwp%2Fv2%2Fmedia&parent=574"}],"curies":[{"name":"wp","href":"https:\/\/api.w.org\/{rel}","templated":true}]}}