{"id":524,"date":"2024-09-26T16:01:11","date_gmt":"2024-09-26T14:01:11","guid":{"rendered":"https:\/\/www.henrichs-restaurant.de\/?page_id=524"},"modified":"2026-03-11T13:49:08","modified_gmt":"2026-03-11T12:49:08","slug":"wolf-codera","status":"publish","type":"page","link":"https:\/\/www.henrichs-restaurant.de\/?page_id=524","title":{"rendered":"Wolf Codera"},"content":{"rendered":"\t\t<div data-elementor-type=\"wp-page\" data-elementor-id=\"524\" class=\"elementor elementor-524\">\n\t\t\t\t<div class=\"elementor-element elementor-element-dec9b70 e-flex e-con-boxed e-con e-parent\" data-id=\"dec9b70\" data-element_type=\"container\" data-e-type=\"container\" data-settings=\"{&quot;background_background&quot;:&quot;classic&quot;}\">\n\t\t\t\t\t<div class=\"e-con-inner\">\n\t\t\t\t<div class=\"elementor-element elementor-element-9e9d6ad elementor-widget elementor-widget-heading\" data-id=\"9e9d6ad\" data-element_type=\"widget\" data-e-type=\"widget\" data-widget_type=\"heading.default\">\n\t\t\t\t<div class=\"elementor-widget-container\">\n\t\t\t\t\t<h2 class=\"elementor-heading-title elementor-size-default\">Wolf Codera\n<\/h2>\t\t\t\t<\/div>\n\t\t\t\t<\/div>\n\t\t\t\t\t<\/div>\n\t\t\t\t<\/div>\n\t\t<div class=\"elementor-element elementor-element-6ef0f63 e-flex e-con-boxed e-con e-parent\" data-id=\"6ef0f63\" data-element_type=\"container\" data-e-type=\"container\">\n\t\t\t\t\t<div class=\"e-con-inner\">\n\t\t<div class=\"elementor-element elementor-element-8da348f e-con-full e-flex e-con e-child\" data-id=\"8da348f\" data-element_type=\"container\" data-e-type=\"container\">\n\t\t\t\t<div class=\"elementor-element elementor-element-a763445 elementor-widget elementor-widget-text-editor\" data-id=\"a763445\" data-element_type=\"widget\" data-e-type=\"widget\" data-widget_type=\"text-editor.default\">\n\t\t\t\t<div class=\"elementor-widget-container\">\n\t\t\t\t\t\t\t\t\t<p>Wolf Cordera<\/p>\n<p>05.03.2026<\/p>\n<p>13.08.2026<\/p>\n<p>22.12.2026<\/p>\t\t\t\t\t\t\t\t<\/div>\n\t\t\t\t<\/div>\n\t\t\t\t<div class=\"elementor-element elementor-element-b6569ee elementor-widget elementor-widget-text-editor\" data-id=\"b6569ee\" data-element_type=\"widget\" data-e-type=\"widget\" data-widget_type=\"text-editor.default\">\n\t\t\t\t<div class=\"elementor-widget-container\">\n\t\t\t\t\t\t\t\t\t<p><strong>Wolf Codera Session Possible<\/strong><\/p><p>Einlass: 18.30 Uhr<br \/>Beginn: 20.00 Uhr<\/p><p>Ort:<br \/>HENRICHS Restaurant<br \/>Werksstra\u00dfe. 31-33<br \/>45527 Hattingen<br \/>Live Musik der Extraklasse<\/p><p>Auch 2026 trifft Saxophonist Wolf Codera, im Industriemuseum Henrichsh\u00fctte, wieder auf verschiedenste Musiker*innen der absoluten nationalen &amp; internationalen Spitzenklasse, um mit ihnen bekannte St\u00fccke nach Lust und Laune neu zu interpretieren.<\/p><p>Die stets wechselnde Zusammensetzung der Band und Musiker\/innen und die immer wechselnden Musikfarben und \u2013stile begeistern seine G\u00e4ste immer wieder aufs Neue.<\/p><p>Jede Session Possible sorgt damit f\u00fcr Spannung und Abwechslung: es gibt erstklassige Musik vorwiegend aus dem Pop\/Soul-Bereich, manchmal aber auch rockige oder ruhige T\u00f6ne.<\/p><p>Vor und w\u00e4hrend der Veranstaltung k\u00f6nnen Sie gut und lecker essen.<br \/>Es gibt ein Verkaufsbuffet und f\u00fcr Getr\u00e4nke sorgt das Henrichs-Team.<br \/>Freie Platzwahl, sowohl Sitz- als auch Stehpl\u00e4tze.<\/p><p><strong>WICHTIG:<\/strong> Einen <strong>Vorverkauf<\/strong> bieten wir \u00fcber das <strong>HENRICHS Restaurant<\/strong> an. Hier k\u00f6nnen Sie t\u00e4glich (au\u00dfer montags) zwischen 12 Uhr und 18 Uhr Karten erwerben. Online-Tickets erhalten Sie \u00fcber Eventim.<\/p>\t\t\t\t\t\t\t\t<\/div>\n\t\t\t\t<\/div>\n\t\t\t\t<div class=\"elementor-element elementor-element-1b8f02a elementor-align-center elementor-widget elementor-widget-button\" data-id=\"1b8f02a\" data-element_type=\"widget\" data-e-type=\"widget\" data-widget_type=\"button.default\">\n\t\t\t\t<div class=\"elementor-widget-container\">\n\t\t\t\t\t\t\t\t\t<div class=\"elementor-button-wrapper\">\n\t\t\t\t\t<a class=\"elementor-button elementor-button-link elementor-size-sm\" href=\"https:\/\/www.eventim-light.com\/de\/a\/62a745ac7ea97a7778886492\">\n\t\t\t\t\t\t<span class=\"elementor-button-content-wrapper\">\n\t\t\t\t\t\t\t\t\t<span class=\"elementor-button-text\">Zu den Tickets<\/span>\n\t\t\t\t\t<\/span>\n\t\t\t\t\t<\/a>\n\t\t\t\t<\/div>\n\t\t\t\t\t\t\t\t<\/div>\n\t\t\t\t<\/div>\n\t\t\t\t<\/div>\n\t\t<div class=\"elementor-element elementor-element-0619abc e-con-full e-flex e-con e-child\" data-id=\"0619abc\" data-element_type=\"container\" data-e-type=\"container\">\n\t\t\t\t<div class=\"elementor-element elementor-element-3e5ad97 elementor-widget elementor-widget-image\" data-id=\"3e5ad97\" data-element_type=\"widget\" data-e-type=\"widget\" data-widget_type=\"image.default\">\n\t\t\t\t<div class=\"elementor-widget-container\">\n\t\t\t\t\t\t\t\t\t\t\t\t\t\t\t<img fetchpriority=\"high\" decoding=\"async\" width=\"1000\" height=\"600\" src=\"https:\/\/www.henrichs-restaurant.de\/wp-content\/uploads\/2024\/08\/henrichs-codera.jpg\" class=\"attachment-large size-large wp-image-94\" alt=\"\" srcset=\"https:\/\/www.henrichs-restaurant.de\/wp-content\/uploads\/2024\/08\/henrichs-codera.jpg 1000w, https:\/\/www.henrichs-restaurant.de\/wp-content\/uploads\/2024\/08\/henrichs-codera-300x180.jpg 300w, https:\/\/www.henrichs-restaurant.de\/wp-content\/uploads\/2024\/08\/henrichs-codera-768x461.jpg 768w\" sizes=\"(max-width: 1000px) 100vw, 1000px\" \/>\t\t\t\t\t\t\t\t\t\t\t\t\t\t\t<\/div>\n\t\t\t\t<\/div>\n\t\t\t\t<div class=\"elementor-element elementor-element-ba9b2de elementor-widget elementor-widget-image\" data-id=\"ba9b2de\" data-element_type=\"widget\" data-e-type=\"widget\" data-widget_type=\"image.default\">\n\t\t\t\t<div class=\"elementor-widget-container\">\n\t\t\t\t\t\t\t\t\t\t\t\t\t\t\t<img decoding=\"async\" width=\"1024\" height=\"768\" src=\"https:\/\/www.henrichs-restaurant.de\/wp-content\/uploads\/2024\/09\/\u202asession-Possible-Henrichs-5-klein.jpg\" class=\"attachment-large size-large wp-image-533\" alt=\"\" srcset=\"https:\/\/www.henrichs-restaurant.de\/wp-content\/uploads\/2024\/09\/\u202asession-Possible-Henrichs-5-klein.jpg 1024w, https:\/\/www.henrichs-restaurant.de\/wp-content\/uploads\/2024\/09\/\u202asession-Possible-Henrichs-5-klein-300x225.jpg 300w, https:\/\/www.henrichs-restaurant.de\/wp-content\/uploads\/2024\/09\/\u202asession-Possible-Henrichs-5-klein-768x576.jpg 768w\" sizes=\"(max-width: 1024px) 100vw, 1024px\" \/>\t\t\t\t\t\t\t\t\t\t\t\t\t\t\t<\/div>\n\t\t\t\t<\/div>\n\t\t\t\t<\/div>\n\t\t\t\t\t<\/div>\n\t\t\t\t<\/div>\n\t\t\t\t<\/div>\n\t\t","protected":false},"excerpt":{"rendered":"<p>Wolf Codera Wolf Cordera 05.03.2026 13.08.2026 22.12.2026 Wolf Codera Session Possible Einlass: 18.30 UhrBeginn: 20.00 Uhr Ort:HENRICHS RestaurantWerksstra\u00dfe. 31-3345527 HattingenLive Musik der Extraklasse Auch 2026 trifft Saxophonist Wolf Codera, im Industriemuseum Henrichsh\u00fctte, wieder auf verschiedenste Musiker*innen der absoluten nationalen &amp; internationalen Spitzenklasse, um mit ihnen bekannte St\u00fccke nach Lust und Laune neu zu interpretieren. Die [&hellip;]<\/p>\n","protected":false},"author":1,"featured_media":0,"parent":0,"menu_order":0,"comment_status":"closed","ping_status":"closed","template":"elementor_header_footer","meta":{"footnotes":""},"class_list":["post-524","page","type-page","status-publish","hentry","entry"],"_links":{"self":[{"href":"https:\/\/www.henrichs-restaurant.de\/index.php?rest_route=\/wp\/v2\/pages\/524","targetHints":{"allow":["GET"]}}],"collection":[{"href":"https:\/\/www.henrichs-restaurant.de\/index.php?rest_route=\/wp\/v2\/pages"}],"about":[{"href":"https:\/\/www.henrichs-restaurant.de\/index.php?rest_route=\/wp\/v2\/types\/page"}],"author":[{"embeddable":true,"href":"https:\/\/www.henrichs-restaurant.de\/index.php?rest_route=\/wp\/v2\/users\/1"}],"replies":[{"embeddable":true,"href":"https:\/\/www.henrichs-restaurant.de\/index.php?rest_route=%2Fwp%2Fv2%2Fcomments&post=524"}],"version-history":[{"count":49,"href":"https:\/\/www.henrichs-restaurant.de\/index.php?rest_route=\/wp\/v2\/pages\/524\/revisions"}],"predecessor-version":[{"id":1443,"href":"https:\/\/www.henrichs-restaurant.de\/index.php?rest_route=\/wp\/v2\/pages\/524\/revisions\/1443"}],"wp:attachment":[{"href":"https:\/\/www.henrichs-restaurant.de\/index.php?rest_route=%2Fwp%2Fv2%2Fmedia&parent=524"}],"curies":[{"name":"wp","href":"https:\/\/api.w.org\/{rel}","templated":true}]}}