{"id":512,"date":"2024-09-24T16:59:34","date_gmt":"2024-09-24T14:59:34","guid":{"rendered":"https:\/\/www.henrichs-restaurant.de\/?page_id=512"},"modified":"2026-04-07T13:17:05","modified_gmt":"2026-04-07T11:17:05","slug":"walli","status":"publish","type":"page","link":"https:\/\/www.henrichs-restaurant.de\/?page_id=512","title":{"rendered":"Walli"},"content":{"rendered":"\t\t<div data-elementor-type=\"wp-page\" data-elementor-id=\"512\" class=\"elementor elementor-512\">\n\t\t\t\t<div class=\"elementor-element elementor-element-c0bf7e8 e-flex e-con-boxed e-con e-parent\" data-id=\"c0bf7e8\" data-element_type=\"container\" data-e-type=\"container\" data-settings=\"{&quot;background_background&quot;:&quot;classic&quot;}\">\n\t\t\t\t\t<div class=\"e-con-inner\">\n\t\t\t\t<div class=\"elementor-element elementor-element-de4f74e elementor-widget elementor-widget-heading\" data-id=\"de4f74e\" data-element_type=\"widget\" data-e-type=\"widget\" data-widget_type=\"heading.default\">\n\t\t\t\t<div class=\"elementor-widget-container\">\n\t\t\t\t\t<h2 class=\"elementor-heading-title elementor-size-default\">Esther M\u00fcnch \"Walli\"<\/h2>\t\t\t\t<\/div>\n\t\t\t\t<\/div>\n\t\t\t\t\t<\/div>\n\t\t\t\t<\/div>\n\t\t<div class=\"elementor-element elementor-element-181bfd3 e-flex e-con-boxed e-con e-parent\" data-id=\"181bfd3\" data-element_type=\"container\" data-e-type=\"container\">\n\t\t\t\t\t<div class=\"e-con-inner\">\n\t\t<div class=\"elementor-element elementor-element-8fd3bcc e-con-full e-flex e-con e-child\" data-id=\"8fd3bcc\" data-element_type=\"container\" data-e-type=\"container\">\n\t\t\t\t<div class=\"elementor-element elementor-element-b3eac3d elementor-widget elementor-widget-heading\" data-id=\"b3eac3d\" data-element_type=\"widget\" data-e-type=\"widget\" data-widget_type=\"heading.default\">\n\t\t\t\t<div class=\"elementor-widget-container\">\n\t\t\t\t\t<h2 class=\"elementor-heading-title elementor-size-default\">Termine<\/h2>\t\t\t\t<\/div>\n\t\t\t\t<\/div>\n\t\t\t\t<div class=\"elementor-element elementor-element-d51d6a8 elementor-widget elementor-widget-text-editor\" data-id=\"d51d6a8\" data-element_type=\"widget\" data-e-type=\"widget\" data-widget_type=\"text-editor.default\">\n\t\t\t\t<div class=\"elementor-widget-container\">\n\t\t\t\t\t\t\t\t\t<p>22.07.2026 Walli &#8211; Das Weinseminar<\/p><p>24.09.2026 Walli &#8211; Am besten Walli<\/p><p>02. und 03. 12 Wallis Wilde Weihnachten<\/p>\t\t\t\t\t\t\t\t<\/div>\n\t\t\t\t<\/div>\n\t\t\t\t<div class=\"elementor-element elementor-element-890db75 elementor-align-center elementor-widget elementor-widget-button\" data-id=\"890db75\" data-element_type=\"widget\" data-e-type=\"widget\" data-widget_type=\"button.default\">\n\t\t\t\t<div class=\"elementor-widget-container\">\n\t\t\t\t\t\t\t\t\t<div class=\"elementor-button-wrapper\">\n\t\t\t\t\t<a class=\"elementor-button elementor-button-link elementor-size-sm\" href=\"https:\/\/www.eventim-light.com\/de\/a\/62a745ac7ea97a7778886492\">\n\t\t\t\t\t\t<span class=\"elementor-button-content-wrapper\">\n\t\t\t\t\t\t\t\t\t<span class=\"elementor-button-text\">Zu den Tickets<\/span>\n\t\t\t\t\t<\/span>\n\t\t\t\t\t<\/a>\n\t\t\t\t<\/div>\n\t\t\t\t\t\t\t\t<\/div>\n\t\t\t\t<\/div>\n\t\t\t\t<div class=\"elementor-element elementor-element-a992876 elementor-widget elementor-widget-text-editor\" data-id=\"a992876\" data-element_type=\"widget\" data-e-type=\"widget\" data-widget_type=\"text-editor.default\">\n\t\t\t\t<div class=\"elementor-widget-container\">\n\t\t\t\t\t\t\t\t\t<p>Einlass: 18.00 Uhr<br \/>Beginn: 20.00 Uhr<\/p><p>Ort:<br \/>HENRICHS Restaurant<br \/>Werksstra\u00dfe. 31-33<br \/>45527 Hattingen<\/p><p>Sie ist die ber\u00fchmteste Reinugungsfachkraft des Ruhrgebietes, Waltraud Ehlert alias Esther M\u00fcnch !<\/p><p>Wie feiert sie wohl Weihnachten? Kaum kann man sich vorstellen, dass es bei ihr beschaulich zugeht. Und so ist es auch\u2026..von hektischen Vorbereitungen zum Fest mit den Fragen \u201eWas koche ich dieses Jahr? Und schenken wir uns noch etwas?\u201c , \u00fcber nachdenklichen \u00dcberlegungen zur Religion im Allgemeinen bis hin zu kleinen und gro\u00dfen Katastrophen im Familienkreis.<\/p><p>Ruhig wird es nicht, am\u00fcsant auf alle F\u00e4lle!<\/p><p>Vor der Veranstaltung k\u00f6nnen Sie gut und lecker essen.<br \/>F\u00fcr Speisen und Getr\u00e4nke sorgt das Henrichs-Team.<\/p><p><strong>WICHTIG:<\/strong> Einen <strong>Vorverkauf<\/strong> bieten wir \u00fcber das <strong>HENRICHS Restaurant<\/strong> an. Hier k\u00f6nnen Sie t\u00e4glich (au\u00dfer montags) zwischen 12 Uhr und 18 Uhr Karten erwerben. Online-Tickets erhalten Sie \u00fcber Eventim.<\/p>\t\t\t\t\t\t\t\t<\/div>\n\t\t\t\t<\/div>\n\t\t\t\t<\/div>\n\t\t<div class=\"elementor-element elementor-element-a60a646 e-con-full e-flex e-con e-child\" data-id=\"a60a646\" data-element_type=\"container\" data-e-type=\"container\">\n\t\t\t\t<div class=\"elementor-element elementor-element-b6c46d9 elementor-widget elementor-widget-image\" data-id=\"b6c46d9\" data-element_type=\"widget\" data-e-type=\"widget\" data-widget_type=\"image.default\">\n\t\t\t\t<div class=\"elementor-widget-container\">\n\t\t\t\t\t\t\t\t\t\t\t\t\t\t\t<img fetchpriority=\"high\" decoding=\"async\" width=\"650\" height=\"1024\" src=\"https:\/\/www.henrichs-restaurant.de\/wp-content\/uploads\/2026\/04\/Weinseminar-650x1024.jpg\" class=\"attachment-large size-large wp-image-1489\" alt=\"\" srcset=\"https:\/\/www.henrichs-restaurant.de\/wp-content\/uploads\/2026\/04\/Weinseminar-650x1024.jpg 650w, https:\/\/www.henrichs-restaurant.de\/wp-content\/uploads\/2026\/04\/Weinseminar-191x300.jpg 191w, https:\/\/www.henrichs-restaurant.de\/wp-content\/uploads\/2026\/04\/Weinseminar.jpg 762w\" sizes=\"(max-width: 650px) 100vw, 650px\" \/>\t\t\t\t\t\t\t\t\t\t\t\t\t\t\t<\/div>\n\t\t\t\t<\/div>\n\t\t\t\t<\/div>\n\t\t\t\t\t<\/div>\n\t\t\t\t<\/div>\n\t\t\t\t<\/div>\n\t\t","protected":false},"excerpt":{"rendered":"<p>Esther M\u00fcnch &#8222;Walli&#8220; Termine 22.07.2026 Walli &#8211; Das Weinseminar 24.09.2026 Walli &#8211; Am besten Walli 02. und 03. 12 Wallis Wilde Weihnachten Zu den Tickets Einlass: 18.00 UhrBeginn: 20.00 Uhr Ort:HENRICHS RestaurantWerksstra\u00dfe. 31-3345527 Hattingen Sie ist die ber\u00fchmteste Reinugungsfachkraft des Ruhrgebietes, Waltraud Ehlert alias Esther M\u00fcnch ! Wie feiert sie wohl Weihnachten? Kaum kann man [&hellip;]<\/p>\n","protected":false},"author":1,"featured_media":0,"parent":0,"menu_order":0,"comment_status":"closed","ping_status":"closed","template":"elementor_header_footer","meta":{"footnotes":""},"class_list":["post-512","page","type-page","status-publish","hentry","entry"],"_links":{"self":[{"href":"https:\/\/www.henrichs-restaurant.de\/index.php?rest_route=\/wp\/v2\/pages\/512","targetHints":{"allow":["GET"]}}],"collection":[{"href":"https:\/\/www.henrichs-restaurant.de\/index.php?rest_route=\/wp\/v2\/pages"}],"about":[{"href":"https:\/\/www.henrichs-restaurant.de\/index.php?rest_route=\/wp\/v2\/types\/page"}],"author":[{"embeddable":true,"href":"https:\/\/www.henrichs-restaurant.de\/index.php?rest_route=\/wp\/v2\/users\/1"}],"replies":[{"embeddable":true,"href":"https:\/\/www.henrichs-restaurant.de\/index.php?rest_route=%2Fwp%2Fv2%2Fcomments&post=512"}],"version-history":[{"count":55,"href":"https:\/\/www.henrichs-restaurant.de\/index.php?rest_route=\/wp\/v2\/pages\/512\/revisions"}],"predecessor-version":[{"id":1495,"href":"https:\/\/www.henrichs-restaurant.de\/index.php?rest_route=\/wp\/v2\/pages\/512\/revisions\/1495"}],"wp:attachment":[{"href":"https:\/\/www.henrichs-restaurant.de\/index.php?rest_route=%2Fwp%2Fv2%2Fmedia&parent=512"}],"curies":[{"name":"wp","href":"https:\/\/api.w.org\/{rel}","templated":true}]}}